he remainder when 358 is divided by 40?
38
What is the remainder when 26 is divided by 7?
5
What is the remainder when 389 is divided by 63?
11
Calculate the remainder when 696 is divided by 149.
100
What is the remainder when 95 is divided by 38?
19
What is the remainder when 262 is divided by 89?
84
Calculate the remainder when 2457 is divided by 57.
6
What is the remainder when 88 is divided by 24?
16
What is the remainder when 191 is divided by 73?
45
What is the remainder when 5098 is divided by 12?
10
Calculate the remainder when 1478 is divided by 210.
8
Calculate the remainder when 1201 is divided by 396.
13
What is the remainder when 2224 is divided by 59?
41
What is the remainder when 237 is divided by 32?
13
Calculate the remainder when 5647 is divided by 18.
13
What is the remainder when 119 is divided by 49?
21
Calculate the remainder when 50 is divided by 11.
6
Calculate the remainder when 21 is divided by 12.
9
What is the remainder when 4878 is divided by 407?
401
Calculate the remainder when 213 is divided by 9.
6
What is the remainder when 26188 is divided by 27?
25
Calculate the remainder when 106 is divided by 12.
10
Calculate the remainder when 310 is divided by 13.
11
Calculate the remainder when 147 is divided by 4.
3
Calculate the remainder when 1401 is divided by 39.
36
Calculate the remainder when 535 is divided by 36.
31
Calculate the remainder when 8330 is divided by 15.
5
Calculate the remainder when 216 is divided by 79.
58
What is the remainder when 2635 is divided by 146?
7
Calculate the remainder when 91 is divided by 43.
5
What is the remainder when 78 is divided by 31?
16
What is the remainder when 354 is divided by 71?
70
What is the remainder when 664 is divided by 24?
16
What is the remainder when 195 is divided by 54?
33
Calculate the remainder when 264 is divided by 83.
15
What is the remainder when 1236 is divided by 4?
0
What is the remainder when 118 is divided by 96?
22
What is the remainder when 196 is divided by 5?
1
What is the remainder when 251 is divided by 176?
75
Calculate the remainder when 285 is divided by 256.
29
What is the remainder when 1832 is divided by 167?
162
What is the remainder when 729 is divided by 262?
205
What is the remainder when 25870 is divided by 25?
20
What is the remainder when 171 is divided by 90?
81
Calculate the remainder when 250 is divided by 64.
58
Calculate the remainder when 161 is divided by 58.
45
What is the remainder when 1367 is divided by 12?
11
What is the remainder when 218 is divided by 97?
24
What is the remainder when 1421 is divided by 285?
281
What is the remainder when 156 is divided by 18?
12
Calculate the remainder when 56 is divided by 10.
6
What is the remainder when 249 is divided by 18?
15
Calculate the remainder when 166 is divided by 44.
34
What is the remainder when 321 is divided by 43?
20
What is the remainder when 20865 is divided by 11?
9
What is the remainder when 146 is divided by 22?
14
Calculate the remainder when 708 is divided by 35.
8
What is the remainder when 1781 is divided by 9?
8
Calculate the remainder when 328 is divided by 6.
4
What is the remainder when 575 is divided by 564?
11
Calculate the remainder when 143 is divided by 6.
5
What is the remainder when 30 is divided by 16?
14
What is the remainder when 97 is divided by 22?
9
What is the remainder when 1360 is divided by 247?
125
Calculate the remainder when 518 is divided by 164.
26
What is the remainder when 606 is divided by 68?
62
Calculate the remainder when 4699 is divided by 47.
46
Calculate the remainder when 1117 is divided by 35.
32
Calculate the remainder when 839 is divided by 10.
9
Calculate the remainder when 35 is divided by 19.
16
Calculate the remainder when 56 is divided by 20.
16
What is the remainder when 2068 is divided by 34?
28
What is the remainder when 20 is divided by 8?
4
What is the remainder when 115 is divided by 58?
57
Calculate the remainder when 163 is divided by 83.
80
What is the remainder when 458 is divided by 22?
18
What is the remainder when 948 is divided by 27?
3
Calculate the remainder when 3340 is divided by 1665.
10
What is the remainder when 365 is divided by 8?
5
Calculate the remainder when 304 is divided by 87.
43
What is the remainder when 62 is divided by 8?
6
Calculate the remainder when 586 is divided by 1.
0
What is the remainder when 626 is divided by 11?
10
What is the remainder when 183 is divided by 21?
15
What is the remainder when 8834 is divided by 26?
20
Calculate the remainder when 75 is divided by 11.
9
What is the remainder when 938 is divided by 25?
13
Calculate the remainder when 591 is divided by 16.
15
Calculate the remainder when 1700 is divided by 23.
21
Calculate the remainder when 387 is divided by 26.
23
Calculate the remainder when 365 is divided by 30.
5
What is the remainder when 465 is divided by 118?
111
What is the remainder when 588 is divided by 146?
4
Calculate the remainder when 4249 is divided by 22.
3
Calculate the remainder when 52 is divided by 6.
4
What is the remainder when 8554 is divided by 124?
122
What is the remainder when 62 is divided by 58?
4
What is the remainder when 72 is divided by 2?
0
What is the remainder when 41 is divided by 36?
5
Calculate the remainder when 558 is divided by 10.
8
Calculate the remainder when 205 is divided by 54.
43
Calculate the remainder when 242 is divided by 8.
2
Calculate the remainder when 107 is divided by 11.
8
What is the remainder when 1809 is divided by 162?
27
What is the remainder when 282 is divided by 17?
10
What is the remainder when 1150 is divided by 68?
62
What is the remainder when 551 is divided by 92?
91
What is the remainder when 669 is divided by 580?
89
What is the remainder when 2386 is divided by 340?
6
What is the remainder when 782 is divided by 49?
47
What is the remainder when 1071 is divided by 1057?
14
Calculate the remainder when 1046 is divided by 328.
62
Calculate the remainder when 1821 is divided by 48.
45
Calculate the remainder when 73 is divided by 25.
23
Calculate the remainder when 68 is divided by 43.
25
What is the remainder when 4819 is divided by 230?
219
Calculate the remainder when 825 is divided by 94.
73
Calculate the remainder when 339 is divided by 28.
3
What is the remainder when 259 is divided by 50?
9
What is the remainder when 4994 is divided by 42?
38
Calculate the remainder when 45 is divided by 6.
3
What is the remainder when 279 is divided by 17?
7
Calculate the remainder when 65 is divided by 11.
10
What is the remainder when 146 is divided by 40?
26
Calculate the remainder when 1007 is divided by 210.
167
What is the remainder when 2055 is divided by 16?
7
What is the remainder when 440 is divided by 91?
76
Calculate the remainder when 117 is divided by 67.
50
Calculate the remainder when 148 is divided by 64.
20
What is the remainder when 463 is divided by 102?
55
Calculate the remainder when 440 is divided by 69.
26
What is the remainder when 146 is divided by 17?
10
What is the remainder when 159 is divided by 33?
27
What is the remainder when 357 is divided by 36?
33
What is the remainder when 187 is divided by 51?
34
What is the remainder when 75 is divided by 39?
36
What is the remainder when 531 is divided by 50?
31
Calculate the remainder when 582 is divided by 20.
2
What is the remainder when 1188 is divided by 167?
19
Calculate the remainder when 1204 is divided by 336.
196
What is the remainder when 886 is divided by 289?
19
What is the remainder when 186 is divided by 177?
9
What is the remainder when 133 is divided by 8?
5
Calculate the remainder when 804 is divided by 10.
4
What is the remainder when 463 is divided by 94?
87
What is the remainder when 78 is divided by 66?
12
Calculate the remainder when 129 is divided by 5.
4
Calculate the remainder when 287 is divided by 8.
7
What is the remainder when 196 is divided by 63?
7
What is the remainder when 189 is divided by 95?
94
What is the remainder when 26 is divided by 3?
2
What is the remainder when 229 is divided by 39?
34
What is the remainder when 139 is divided by 36?
31
Calculate the remainder when 192 is divided by 32.
0
Calculate the remainder when 2690 is divided by 96.
2
What is the remainder when